+ 2. Is c(2) composite?
True
Let q(a) = -a - 11. Let s be q(-7). Let y(h) = -111*h**3 + 5*h**2 - 4*h - 4. Let b be y(s). Suppose 3*u = 7*u - b. Is u a prime number?
False
Let q = -15 + 17. Suppose -4*f - 2 - 5 = 3*h, -q*h + 2 = f. Suppose z - 5554 = 5*p, -z - h*p + 3805 = -1789. Is z a prime number?
False
Let x be (483 + 2 + -3)/1. Suppose 4*d - 410 = x. Let t = d + -100. Is t a prime number?
False
Suppose 179*b - 2104930 = 169*b. Is b a composite number?
True
Let n(h) = -h**3 + 10*h**2 + h - 8. Suppose -10 = -5*m - 0*m, 5*t = m + 48. Let b be n(t). Suppose b*y + 4*y - 1146 = 0. Is y composite?
False
Suppose -2*n - 23 = -5*m, 2*n + 2 + 3 = -m. Let w(i) be the second derivative of 41*i**4/12 + i**3 + 9*i**2/2 + i. Is w(n) prime?
True
Let l(r) = -r**3 - 3*r**2 + 25*r - 18. Let g be l(-7). Suppose g*a = f + 3546, -10*a + 4*f = -15*a + 5893. Is a composite?
False
Let b be 2 + 1 + (-3)/3. Suppose b*f - 13310 = -4*m, 4*m + f = 4*f + 13325. Is m prime?
True
Suppose 0 = 123*a - 124*a - 2. Is (1*a - 8455)*34/(-102) prime?
True
Let k(z) = -z**3 + 15*z**2 - 14*z + 2. Let h be k(13). Let v = h - -165. Let j = v + -160. Is j composite?
False
Let x be 48 + 0 + 6/(-3)*1. Suppose 15*c + 1 - x = 0. Suppose 198 = 2*s + b, -4*s + c*b + b = -372. Is s composite?
False
Suppose -5*n + 3 = -2, 3*n - 285 = -m. Let s(v) = 6*v + 73. Let p be s(-6). Let l = m + p. Is l a prime number?
False
Suppose 0 = -196*b + 8653401 + 3046427. Is b a prime number?
True
Let q = 163 + -158. Let y(h) = 166*h - 1. Is y(q) a prime number?
True
Let a(w) = w**2 - 5*w + 4. Let q be a(1). Suppose -5*u + 7435 = -q*u - k, u - 1501 = 3*k. Suppose -4*x - u = -6*x. Is x a composite number?
False
Suppose 0 = 4*x - 3*x - 3*r + 852, 5*x - 5*r + 4250 = 0. Let w be (-11)/4 + 2 - x/12. Suppose -60 = -2*j + w. Is j a prime number?
False
Let t(w) = 27232*w + 10113. Is t(19) a composite number?
True
Suppose 381686 = 3*r + 5*u, 9*u - 381721 = -3*r + 11*u. Suppose 504293 = 32*p + r. Is p a composite number?
False
Let h be -3*(-124)/48*-4. Let w be 40936/(-8 + 0) - (-4 - -7). Let m = h - w. Is m prime?
False
Suppose -585424 = -3*s - 4*v + 682423, -v = s - 422617. Is s prime?
True
Is (57 + -27 + -28)/(1 + (-2525110)/2525114) a composite number?
False
Suppose 5*t + 5 = -15. Let b(s) = -7*s**3 + 3*s**2 - 4*s - 4. Let r be b(t). Suppose 4*g = 8*g - r. Is g composite?
False
Let a be (376/(-32))/((-2)/(-8)). Let r = a + 50. Suppose -2*l + 1715 = -3*s, 0*s = r*l + 4*s - 2581. Is l a composite number?
False
Suppose -3*p - 63 = z, -5*z + 0*p = -4*p + 372. Is (-12)/z - (-39620)/24 prime?
False
Let s be 240/96*12/(-10). Is 2 + 5 + (3079 - s) prime?
True
Let v(q) = 5812*q + 1. Let z = -53 + 54. Is v(z) a prime number?
True
Let c = -14 + 13. Suppose 28*n = 24*n + 12. Is (-1492)/2*c/6*n a prime number?
True
Let v(q) = 2*q**3 - 34*q**2 - 51*q + 61. Is v(26) a prime number?
True
Let f be ((-12)/15 + 0)/(2/(-5)). Let u(c) = -1 - 40*c - f*c - 24 - 4. Is u(-13) a prime number?
False
Let b = -162026 - -352771. Is b a composite number?
True
Let c be (-3)/6*-1*-2. Let j(m) be the first derivative of -980*m**2 + 13*m + 678. Is j(c) a composite number?
False
Let s(y) = -y**2 + 24*y + 54. Let w be s(26). Let j be (-2 + 3 + 0)*3784/w. Suppose -6*m - j = -12698. Is m a prime number?
True
Let q = -178 + 162. Is 13/(52/q) + 1245 a composite number?
True
Let v(j) = 181*j**3 - 373*j**2 - 21*j + 25. Is v(18) a prime number?
True
Let u be (1000/(-35))/(-5) + (-4)/(-14). Suppose -4*y + 10 = -u. Suppose y*p = 262 + 574. Is p prime?
False
Suppose 1800 = 9*r - 5*r. Suppose -15 = h - r. Suppose -3*q = 3*f - h, -2*f + 5*f = -q + 443. Is f composite?
False
Let a = 471786 - 235283. Is a a composite number?
False
Suppose -3254*w + 1063691867 = -3103*w. Is w a composite number?
True
Let a(n) = n**2 + n. Let p(i) = 8*i**2 + 16*i - 17. Let f(z) = -14*a(z) + 2*p(z). Is f(-32) a composite number?
True
Suppose -4*m + 6 = 4*a - 6*m, 5*a - 8 = 2*m. Let f(t) = 19*t**a - 8 + t - 2 + 3. Is f(-6) a composite number?
True
Let g = 2546 - 1043. Suppose -3*o = 6*o - g. Suppose -1348 = -o*l + 165*l. Is l composite?
True
Let g(z) = z**3 - 24*z**2 - 2*z + 37. Let b be g(24). Let u = b - -15. Suppose 5*d = -5*x + 7515, 2*x + 2*d + 2998 = u*x. Is x a composite number?
True
Suppose -5*g + 401476 = 4*z, 0 = -5*z + 10*z + 2*g - 501845. Is z prime?
False
Let i = 5127 + -10314. Suppose 2*j = -2*j + 29264. Let r = i + j. Is r a composite number?
False
Suppose 0 = -g - 5*q + 170493, -10*q = g - 8*q - 170487. Is g a prime number?
True
Is (17 - 2)/(-15)*-78059 a composite number?
False
Let y(d) = -9*d**3 + 3*d + 5*d**2 + 13*d**3 - 1 - 8*d - 11*d**2 - 2*d**2. Let h be 6*(-2)/(-4)*2. Is y(h) a composite number?
True
Let f(a) = -3 + 5*a**2 - 10*a - 4851*a**3 + 4*a - a**2 - 5*a**2. Is f(-1) a composite number?
True
Suppose 11*b - 2 = -2*k + 12*b, -2*b - 4 = 5*k. Suppose 49*l + 8892 - 297845 = k. Is l composite?
False
Let o = -6 - -8. Let x be ((-24)/(o + 0))/(-2). Suppose -x*g + 3*g + 249 = 0. Is g a prime number?
True
Suppose 5*v - 3*c - 2008918 = 0, 3*v = 6*c - 7*c + 1205348. Is v a prime number?
False
Suppose 0 = -13*k + 3 + 88. Suppose 27*o - 32402 = -k*o. Is o a prime number?
True
Let w(q) = 418*q + 9. Suppose -2*s + 14*z + 30 = 9*z, -5*z + 5 = 5*s. Is w(s) prime?
True
Suppose -2*p + 3*f = 6*f - 6, 0 = 4*p - 3*f + 6. Suppose 0 = -p*w - 5*w - 995. Let q = 52 - w. Is q a prime number?
True
Suppose 0 = y + y - 10. Suppose 5*s = 4*n + 31 - 2, 5*s + 70 = -y*n. Let d(c) = c**3 + 12*c**2 - 5*c - 9. Is d(n) composite?
False
Let r(w) = w**3 - 57*w**2 + 488*w - 163. Is r(61) prime?
False
Suppose -5*u - 2*j = -6*u + 175125, 4*u - 2*j = 700512. Is u a composite number?
False
Let m(o) = -44*o - 38. Let w be m(2). Is ((-36)/w)/((-4)/(-1582)) composite?
False
Let k = 37 - 31. Suppose -177 + 33 = -k*d. Suppose d*j + 6041 = 31*j. Is j a composite number?
False
Suppose 3*z = 4*x + 490011, 18*x + 326674 = 2*z + 15*x. Is z composite?
False
Let l(k) = -k**3 + 23*k**2 - 22*k + 2. Let a be l(22). Suppose 13 = -a*s - 11. Let y = s - -58. Is y composite?
True
Let t be 10 - (2 - (1 + 0))*-3. Let y(v) = -v**3 + 13*v**2 + 2*v - 26. Let q be y(t). Is (6/15 - q)/((-1)/(-85)) prime?
False
Let p = -170 + 154. Let g(j) = -386*j - 45. Is g(p) a composite number?
False
Let c(r) = 2847*r**2 + 74*r + 354. Is c(-5) prime?
False
Let v be -1 + 2/(-2)*0. Let c(l) = -344*l**2 - l. Let k(w) = -w**2 + w. Let h(z) = -c(z) - 2*k(z). Is h(v) composite?
False
Suppose -3*x = -2*x - 2. Let a(v) = v**2 - 8*v + 5. Let z be a(8). Suppose z*p = x*o - 6342, 3*p = -o + 1649 + 1544. Is o prime?
True
Let z be 282/15 - (1/(-5) + 0). Let l(a) = 3*a**2 + 7*a + 57. Let n be l(z). Let x = n - 846. Is x prime?
False
Suppose -10337652 - 3278756 = -104*i. Is i a prime number?
True
Suppose 0 = 5*m - 2*u - 174, 5*m - 178 = 3*u + u. Let k = -30 + m. Suppose -5*j = i - 1464, k*j + i + 3*i = 1168. Is j prime?
True
Is (69470/4)/((-20 - -38)/36) a prime number?
False
Let r = 18 - -21. Let z = r - 34. Let k(n) = 26*n**2 + 4*n + 3. Is k(z) a prime number?
True
Suppose 49*u + 2 = 48*u, o = -5*u + 157327. Is o prime?
False
Let y = 660 - -431. Suppose 3*a = 4*n + 17717 - 1392, 0 = 2*a - 5*n - 10888. Suppose -5*x + a = -4*f, 2*x + 4*f + y = 3*x. Is x prime?
True
Let k be 1*-1 + 3840 + -27. Suppose 4*b = -2*w + 3890 + k, -4*w = -b - 15377. Is w prime?
False
Suppose -4*x - 293 = 5*c, 0*c + 65 = -x - 4*c. Let i be (x - 0/2) + -2. Let y = -48 - i. Is y a composite number?
False
Suppose 2*q - 2*u = 42, -q - 3*u - 105 = -6*q. Let k = 40 - q. Is k a prime number?
True
Let j be (-3)/(-5 - (-3748)/750). Suppose -4*u = 3*h - 15470, 5*u = h - 4038 - j. Is h prime?
False
Let r be 3 + 1/(3/8196*4). Let d = r + -279. Suppose 6*q - 3*o + d = 8*q, 397 = 2*q + 5*o. Is q a prime number?
True
Suppose 0 = -2*a + v + 217382, 3448 = -5*a + v + 546912. Is a a prime number?
False
Let y be 1090464/84 - 2/(-7). Suppose -9*s = -7*s - y. Is s composite?
False
Suppose -378*y = -446*y + 1311448. Is y prime?
False
Suppose o + 7853 = -2*s + 842972, 3 = 3*o. Is s prime?
True
Let k(j) = 1987*j**2 - 1062*j + 7. Is k(6) prime?
True
Let c = 241 + 169. Let z = -83 + c. Is z prime?
False
Is (279921/3)/(6/(2 + 4)) prime?
True
Suppose -5*m = 2*v - 14018, 0*m - 5620 = -2*m - 4*v. Let g = m + 